(base 4) in base 15?
-bae
What is 541 (base 9) in base 8?
672
What is 1604 (base 9) in base 12?
857
Convert -7136 (base 10) to base 9.
-10708
344102 (base 5) to base 16
3072
What is 1302 (base 6) in base 7?
644
What is -55a (base 16) in base 13?
-815
What is -49c (base 14) in base 7?
-2455
Convert -675 (base 13) to base 6.
-5050
What is 884 (base 9) in base 7?
2053
Convert 50a (base 12) to base 10.
730
What is 16557 (base 9) in base 7?
45133
What is -111010001 (base 2) in base 13?
-29a
Convert 1a9a5 (base 13) to base 15.
106e2
Convert 88f (base 16) to base 2.
100010001111
203321 (base 4) to base 9
3132
Convert 68be (base 15) to base 6.
250525
What is -1851 (base 14) in base 4?
-1010133
What is -a1 (base 12) in base 16?
-79
Convert -10332 (base 5) to base 4.
-23031
What is -11012 (base 3) in base 7?
-221
Convert -334 (base 12) to base 8.
-730
3010 (base 5) to base 12
278
What is 356 (base 14) in base 12?
474
Convert -753 (base 9) to base 10.
-615
1510 (base 7) to base 14
307
Convert 330034 (base 5) to base 9.
16411
Convert -13780 (base 14) to base 8.
-136004
-2620 (base 12) to base 4
-1003320
What is -21221200 (base 3) in base 7?
-22620
Convert 2925 (base 11) to base 2.
111011000010
What is 1011 (base 11) in base 10?
1343
What is -924 (base 14) in base 13?
-a82
150235 (base 6) to base 7
56561
What is -44510 (base 6) in base 2?
-1100001011010
Convert -10a31 (base 13) to base 4.
-13121103
7324 (base 8) to base 13
1960
-1001455 (base 6) to base 8
-133713
Convert 324343 (base 5) to base 12.
65b3
Convert 1571 (base 11) to base 16.
7de
Convert -113043 (base 6) to base 5.
-302442
Convert -11302 (base 4) to base 7.
-1036
What is 1dc (base 14) in base 2?
110000110
-126 (base 14) to base 11
-19a
Convert 171 (base 16) to base 14.
1c5
What is -315502 (base 6) in base 4?
-12110132
Convert -5dc (base 16) to base 8.
-2734
4814 (base 12) to base 9
12067
Convert -120 (base 9) to base 6.
-243
Convert 40233 (base 5) to base 13.
1227
What is -1462a (base 11) in base 10?
-20723
What is -242025 (base 6) in base 3?
-1002001122
What is -214 (base 12) in base 5?
-2204
17389 (base 11) to base 10
24418
444 (base 12) to base 15
2bd
Convert 5014 (base 8) to base 2.
101000001100
Convert 24a9 (base 11) to base 12.
1a81
Convert -422 (base 7) to base 11.
-183
What is 1110011101 (base 2) in base 13?
562
Convert -12012 (base 3) to base 5.
-1030
What is -2b99 (base 12) in base 6?
-35513
Convert 1000001100000 (base 2) to base 10.
4192
10010000 (base 2) to base 8
220
-1110011001110 (base 2) to base 11
-55a4
Convert -3367 (base 10) to base 14.
-1327
What is -b23 (base 15) in base 16?
-9cc
-16b7 (base 12) to base 8
-5253
Convert -10625 (base 15) to base 4.
-30230222
Convert -133403 (base 5) to base 10.
-5478
Convert 4304 (base 6) to base 9.
1304
a31 (base 12) to base 14
777
What is -15661 (base 12) in base 14?
-b093
What is -9210 (base 10) in base 14?
-34dc
14234 (base 12) to base 3
1102101011
-10439 (base 12) to base 2
-101001101101101
4034 (base 5) to base 7
1341
Convert 3458 (base 9) to base 5.
40224
Convert -174b (base 13) to base 5.
-102233
What is -3838 (base 15) in base 7?
-46631
-20504 (base 11) to base 5
-1424031
-32144 (base 7) to base 12
-4742
Convert -20012 (base 6) to base 7.
-10403
Convert -174 (base 10) to base 16.
-ae
Convert 1a198 (base 11) to base 13.
ca98
Convert -10003 (base 8) to base 14.
-16cb
-a74 (base 15) to base 11
-1855
What is -71786 (base 9) in base 2?
-1011100011000101
-ad4 (base 16) to base 8
-5324
What is 84 (base 15) in base 8?
174
393 (base 10) to base 2
110001001
What is 529 (base 15) in base 3?
1121010
What is 1012012 (base 3) in base 9?
1165
101621 (base 7) to base 14
6511
-32222 (base 9) to base 4
-11031023
Convert -17 (base 9) to base 3.
-121
Convert -25642 (base 7) to base 4.
-1222321
Convert 1022020 (base 5) to base 11.
11968
What is -41b88 (base 12) in base 5?
-10230420
Convert 35b (base 13) to base 4.
21013
Convert -281 (base 13) to base 12.
-30b
What is 11532 (base 8) in base 16?
135a
What is -2202 (base 7) in base 15?
-376
-1525 (base 7) to base 6
-2451
Convert -2ca (base 15) to base 7.
-1603
Convert 1233210 (base 4) to base 12.
4170
Convert -10550 (base 6) to base 5.
-22011
Convert -5443 (base 9) to base 6.
-30320
-722 (base 11) to base 12
-607
-570 (base 12) to base 8
-1444
Convert b4b (base 12) to base 5.
23033
Convert 7414 (base 9) to base 8.
12500
Convert -644 (base 11) to base 14.
-3d4
-120036 (base 7) to base 5
-1143021
1411 (base 10) to base 5
21121
What is -39182 (base 10) in base 8?
-114416
19b4 (base 14) to base 8
11072
-1000010010 (base 2) to base 11
-442
What is -22024 (base 7) in base 15?
-1971
Convert -7c54 (base 13) to base 14.
-6524
Convert 4348 (base 9) to base 16.
c83
Convert 1110010 (base 3) to base 14.
556
Convert 41465 (base 7) to base 14.
39dc
What is 1372 (base 16) in base 6?
35014
What is 1621 (base 7) in base 2?
1010001100
What is d386 (base 16) in base 5?
3213100
Convert 22207 (base 10) to base 11.
15759
Convert -27 (base 16) to base 13.
-30
What is 1ae (base 15) in base 10?
389
What is 3ce (base 16) in base 11?
806
What is 1158 (base 10) in base 8?
2206
Convert 1023330 (base 4) to base 2.
1001011111100
What is -130 (base 5) in base 14?
-2c
What is 17c5 (base 16) in base 7?
23512
111012121 (base 3) to base 14
371a
What is 125101 (base 6) in base 14?
4285
What is 12001 (base 4) in base 8?
601
What is -313132 (base 7) in base 15?
-10e9d
What is 4324 (base 6) in base 8?
1734
What is 165 (base 8) in base 15?
7c
-10010111000 (base 2) to base 16
-4b8
56331 (base 7) to base 15
433c
What is 11270 (base 8) in base 14?
1a64
11100010111101 (base 2) to base 8
34275
24046 (base 7) to base 11
4734
Convert 2531 (base 7) to base 6.
4225
Convert 210001 (base 3) to base 4.
20320
Convert -855 (base 14) to base 6.
-11335
1011102 (base 3) to base 4
31100
Convert 112518 (base 9) to base 12.
33082
88 (base 12) to base 7
206
-1508 (base 12) to base 14
-c76
-665 (base 7) to base 6
-1325
13a46 (base 11) to base 12
b61a
Convert 155 (base 11) to base 7.
346
What is 4527 (base 12) in base 5?
221123
Convert 160a7 (base 14) to base 10.
55027
Convert 560a (base 11) to base 8.
16337
What is -64623 (base 7) in base 6?
-202253
-104004 (base 5) to base 2
-111000101101
Convert 44 (base 10) to base 8.
54
Convert 15a (base 12) to base 15.
e4
96a (base 12) to base 5
21003
Convert -5965 (base 13) to base 15.
-3ae4
What is -111001001001 (base 2) in base 9?
-5013
-3021 (base 4) to base 7
-405
What is -4376 (base 9) in base 5?
-100403
-20 (base 16) to base 14
-24
Convert 431 (base 5) to base 11.
a6
4430 (base 5) to base 2
1001100111
Convert 513 (base 14) to base 3.
1100221
Convert 12213 (base 4) to base 5.
3143
What is -216 (base 12) in base 10?
-306
Convert 111034 (base 5) to base 8.
7466
What is 1101011011 (base 2) in base 14?
455
533 (base 12) to base 9
1033
What is 443 (base 7) in base 8?
343
Convert 39 (base 16) to base 2.
111001
Convert -36 (base 7) to base 13.
-21
-250 (base 16) to base 3
-210221
-2050 (base 6) to base 11
-390
Convert -352 (base 11) to base 16.
-1a4
What is -a28 (base 13) in base 10?
-1724
What is 121634 (base 7) in base 4?
11123333
2ea2 (base 15) to base 12
5998
Convert -41343 (base 6) to base 5.
-134120
Convert 327 (base 10) to base 6.
1303
Convert -118 (base 12) to base 9.
-202
14403 (base 7) to base 13
1a67
3a6a (base 12) to base 16
1a32
What is 132121 (base 6) in base 15?
38ea
What is -115506 (base 7) in base 4?
-11022312
What is 20101100 (base 3) in base 5?
122103
What is 2203012 (base 4) in base 15?
315d
Convert -1043554 (base 6) to base 9.
-80257
-10210 (base 11) to base 5
-434034
What is -1366 (base 16) in base 13?
-2350
Convert 7936 (base 13) to base 4.
10020301
Convert -51b1 (base 13) to base 2.
-10110000100010
What is 8b (base 14) in base 4?
1323
What is 396 (base 16) in base 6?
4130
What is 100101111 (base 2) in base 15?
153
What is -220021 (base 3) in base 10?
-655
Convert -58b (base 13) to base 6.
-4240
Convert 11606 (base 8) to base 10.
4998
-11323 (base 7) to base 11
-2204
What is -201101022 (base 3) in base 11?
-a685
44341 (base 6) to base 12
36b1
4221 (base 6) to base 14
4bb
What is -372d (base 16) in base 7?
-56116
Convert -101003 (base 4) to base 8.
-2103
What is -4b67 (base 14) in base 4?
-3032213
-119 (ba